eatest common factor of 120 and 66.
6
Calculate the highest common factor of 207 and 27.
9
What is the greatest common factor of 7136 and 32?
32
What is the greatest common divisor of 62 and 3317?
31
What is the highest common divisor of 93 and 1178?
31
What is the greatest common factor of 126 and 78?
6
What is the highest common divisor of 184 and 644?
92
Calculate the highest common divisor of 54015 and 195.
195
Calculate the highest common divisor of 70 and 320.
10
Calculate the highest common factor of 6105 and 1155.
165
What is the highest common factor of 24 and 903?
3
What is the greatest common divisor of 40 and 60?
20
Calculate the highest common divisor of 121 and 1419.
11
What is the greatest common divisor of 11 and 99?
11
What is the greatest common divisor of 30 and 60?
30
Calculate the greatest common divisor of 558 and 63.
9
Calculate the highest common divisor of 391 and 34.
17
Calculate the highest common factor of 68 and 17051.
17
Calculate the greatest common divisor of 12 and 996.
12
Calculate the highest common divisor of 64 and 720.
16
What is the greatest common factor of 522 and 54?
18
Calculate the greatest common divisor of 3 and 4677.
3
What is the highest common divisor of 65 and 33995?
65
Calculate the highest common divisor of 122 and 11.
1
What is the highest common divisor of 90 and 8730?
90
What is the greatest common factor of 111 and 518?
37
Calculate the highest common divisor of 20 and 1180.
20
What is the greatest common factor of 246 and 27429?
123
What is the greatest common factor of 208 and 16?
16
What is the greatest common divisor of 34 and 1258?
34
What is the greatest common factor of 48 and 368?
16
What is the highest common factor of 24888 and 549?
183
Calculate the highest common divisor of 21 and 18627.
21
Calculate the greatest common divisor of 590 and 10.
10
Calculate the greatest common factor of 6 and 28.
2
Calculate the greatest common factor of 144 and 624.
48
Calculate the greatest common divisor of 3139 and 172.
43
Calculate the greatest common divisor of 22 and 22583.
11
Calculate the highest common factor of 888 and 2328.
24
What is the greatest common divisor of 33 and 1793?
11
What is the greatest common factor of 486 and 45?
9
Calculate the highest common divisor of 588 and 6076.
196
What is the highest common divisor of 1432 and 6981?
179
What is the highest common factor of 310 and 6293?
31
What is the highest common factor of 143 and 44?
11
What is the greatest common divisor of 1989 and 3519?
153
Calculate the greatest common factor of 305 and 15.
5
What is the highest common factor of 20 and 215?
5
What is the greatest common factor of 34 and 391?
17
What is the greatest common factor of 190 and 70?
10
Calculate the highest common divisor of 80 and 2160.
80
What is the highest common factor of 85 and 136?
17
Calculate the greatest common factor of 903 and 21.
21
What is the greatest common factor of 120 and 200?
40
What is the highest common divisor of 1243 and 11?
11
What is the greatest common divisor of 20 and 80?
20
Calculate the highest common divisor of 144 and 6096.
48
Calculate the highest common factor of 44 and 10307.
11
What is the greatest common factor of 67771 and 122?
61
What is the greatest common factor of 8 and 188?
4
Calculate the highest common divisor of 414 and 90.
18
What is the greatest common factor of 13 and 457?
1
What is the highest common factor of 11 and 13?
1
What is the greatest common divisor of 56 and 24?
8
Calculate the greatest common factor of 14 and 567.
7
What is the highest common divisor of 2 and 4?
2
Calculate the greatest common divisor of 65 and 637.
13
Calculate the greatest common factor of 19448 and 13.
13
What is the greatest common divisor of 411 and 548?
137
Calculate the greatest common factor of 3700 and 8.
4
Calculate the highest common factor of 72 and 684.
36
Calculate the greatest common factor of 120 and 9624.
24
What is the highest common factor of 47173 and 23?
23
Calculate the greatest common factor of 231 and 33.
33
Calculate the greatest common factor of 184 and 115.
23
What is the greatest common divisor of 27220 and 40?
20
What is the greatest common factor of 7 and 917?
7
What is the highest common divisor of 56 and 42?
14
Calculate the greatest common divisor of 3172 and 104.
52
What is the greatest common divisor of 2013 and 44?
11
Calculate the highest common divisor of 420 and 43680.
420
Calculate the highest common divisor of 290 and 1885.
145
Calculate the highest common divisor of 31 and 279.
31
What is the highest common factor of 77 and 1463?
77
What is the highest common divisor of 187 and 22?
11
Calculate the greatest common factor of 201 and 469.
67
Calculate the highest common factor of 81 and 18846.
27
What is the highest common divisor of 27 and 2889?
27
Calculate the highest common divisor of 5 and 25.
5
Calculate the greatest common divisor of 11 and 13211.
11
Calculate the greatest common factor of 885 and 50.
5
Calculate the greatest common factor of 686 and 1715.
343
What is the highest common factor of 24 and 120?
24
Calculate the highest common factor of 286 and 22.
22
What is the highest common factor of 103 and 12154?
103
Calculate the greatest common factor of 522 and 12.
6
Calculate the highest common factor of 135 and 4380.
15
Calculate the highest common factor of 250 and 430.
10
Calculate the greatest common divisor of 48 and 560.
16
What is the greatest common divisor of 78 and 15639?
39
Calculate the greatest common factor of 7656 and 87.
87
What is the highest common divisor of 5 and 3?
1
Calculate the highest common divisor of 8 and 17488.
8
What is the greatest common divisor of 14 and 1414?
14
What is the highest common divisor of 8 and 108?
4
What is the greatest common divisor of 5800 and 360?
40
What is the highest common factor of 5 and 2245?
5
Calculate the highest common factor of 1016 and 72.
8
Calculate the greatest common divisor of 48 and 1176.
24
What is the highest common divisor of 15 and 55?
5
Calculate the greatest common factor of 320 and 12.
4
Calculate the greatest common factor of 185 and 296.
37
Calculate the greatest common factor of 150 and 915.
15
Calculate the highest common factor of 20 and 10820.
20
What is the highest common divisor of 1617 and 66?
33
What is the greatest common factor of 252 and 336?
84
What is the greatest common factor of 54 and 36?
18
What is the highest common divisor of 12 and 1524?
12
Calculate the greatest common factor of 210 and 30.
30
Calculate the highest common divisor of 30 and 60.
30
Calculate the greatest common divisor of 663 and 459.
51
What is the greatest common divisor of 221 and 17?
17
Calculate the greatest common factor of 21438 and 108.
54
What is the highest common factor of 450 and 6975?
225
Calculate the highest common divisor of 840 and 31710.
210
What is the greatest common factor of 320 and 512?
64
What is the highest common factor of 24795 and 190?
95
Calculate the greatest common factor of 13756 and 228.
76
What is the greatest common factor of 48 and 6456?
24
Calculate the highest common factor of 57 and 2679.
57
Calculate the highest common factor of 35 and 5.
5
What is the highest common factor of 54 and 18?
18
What is the greatest common factor of 9944 and 16?
8
What is the greatest common factor of 95 and 285?
95
Calculate the highest common divisor of 1722 and 6150.
246
What is the greatest common divisor of 7 and 567?
7
What is the greatest common divisor of 888 and 37?
37
What is the greatest common divisor of 174 and 6?
6
Calculate the highest common factor of 138 and 506.
46
What is the highest common factor of 61 and 61?
61
What is the highest common divisor of 1044 and 58?
58
What is the greatest common divisor of 105 and 765?
15
Calculate the greatest common factor of 22 and 374.
22
What is the greatest common divisor of 19 and 1121?
19
Calculate the greatest common divisor of 37 and 962.
37
What is the highest common divisor of 220 and 66?
22
What is the greatest common divisor of 1261 and 13?
13
Calculate the highest common divisor of 18 and 99.
9
What is the highest common divisor of 7 and 56?
7
What is the highest common factor of 12 and 1580?
4
Calculate the highest common fact